{"id":2020,"date":"2014-11-27T00:59:48","date_gmt":"2014-11-27T00:59:48","guid":{"rendered":"http:\/\/www.biancoscuro.it\/site\/?page_id=2020"},"modified":"2022-10-04T19:29:35","modified_gmt":"2022-10-04T17:29:35","slug":"invia-tuo-racconto-per-pubblicazione-rivista-cartacea","status":"publish","type":"page","link":"https:\/\/www.biancoscuro.it\/site\/rivista-darte\/invia-tuo-racconto-per-pubblicazione-rivista-cartacea\/","title":{"rendered":"invia un tuo racconto (per la pubblicazione sulla rivista cartacea)"},"content":{"rendered":"\n<h3 class=\"wp-block-heading\"><strong>invia un tuo racconto&#8230;<\/strong><\/h3>\n\n\n\n<p><strong>Biancoscuro,&nbsp;<\/strong>rivista d&#8217;arte bimestrale, ti da la possibilit\u00e0 di pubblicare un racconto&nbsp;nella rubrica della rivista cartacea &#8220;<strong>Angolo narrativo, il racconto di&#8230;<\/strong>&#8220;.<\/p>\n\n\n\n<figure class=\"wp-block-image\"><img loading=\"lazy\" decoding=\"async\" width=\"600\" height=\"431\" src=\"https:\/\/www.biancoscuro.it\/site\/wp-content\/uploads\/2014\/11\/narrativa-paric.jpg\" alt=\"rivista d'arte biancoscuro art magazine\" class=\"wp-image-2015\" srcset=\"https:\/\/www.biancoscuro.it\/site\/wp-content\/uploads\/2014\/11\/narrativa-paric.jpg 600w, https:\/\/www.biancoscuro.it\/site\/wp-content\/uploads\/2014\/11\/narrativa-paric-300x215.jpg 300w\" sizes=\"auto, (max-width: 600px) 100vw, 600px\" \/><\/figure>\n\n\n\n<p>Inserisci qui sotto \u00a0la tua biografia (max 500 caratteri) ed una sinossi del tuo racconto (max 900 caratteri)\u00a0verr\u00e0 esaminato e successivamente pubblicato sulla prima uscita disponibile!<\/p>\n\n\n\n<p>Se vuoi, puoi anche allegare una foto via mail a&nbsp;<a href=\"mailto:info@biancoscuro.it\">info@biancoscuro.it<\/a>, ricordiamo che pubblicazione della foto avviene a discrezione dalla redazione.<\/p>\n\n\n\n<div class=\"wp-block-contact-form-7-contact-form-selector\"><p class=\"wpcf7-contact-form-not-found\"><strong>Errore:<\/strong> Modulo di contatto non trovato.<\/p><\/div>\n\n\n\n<figure class=\"wp-block-image\"><img loading=\"lazy\" decoding=\"async\" width=\"600\" height=\"431\" src=\"https:\/\/www.biancoscuro.it\/site\/wp-content\/uploads\/2014\/11\/narrativa-gard.jpg\" alt=\"rivista d'arte biancoscuro art magazine\" class=\"wp-image-2013\" srcset=\"https:\/\/www.biancoscuro.it\/site\/wp-content\/uploads\/2014\/11\/narrativa-gard.jpg 600w, https:\/\/www.biancoscuro.it\/site\/wp-content\/uploads\/2014\/11\/narrativa-gard-300x215.jpg 300w\" sizes=\"auto, (max-width: 600px) 100vw, 600px\" \/><\/figure>\n\n\n\n<figure class=\"wp-block-image\"><img loading=\"lazy\" decoding=\"async\" width=\"600\" height=\"431\" src=\"https:\/\/www.biancoscuro.it\/site\/wp-content\/uploads\/2014\/11\/narrativa-musella.jpg\" alt=\"rivista d'arte biancoscuro art magazine\" class=\"wp-image-2014\" srcset=\"https:\/\/www.biancoscuro.it\/site\/wp-content\/uploads\/2014\/11\/narrativa-musella.jpg 600w, https:\/\/www.biancoscuro.it\/site\/wp-content\/uploads\/2014\/11\/narrativa-musella-300x215.jpg 300w\" sizes=\"auto, (max-width: 600px) 100vw, 600px\" \/><\/figure>\n\n\n\n<p><strong>NB&nbsp;<em>le scadenze sono:<\/em><\/strong><\/p>\n\n\n\n<p><em>15 novembre per l&#8217;uscita di&nbsp;<strong>dicembre-gennaio<\/strong><\/em><br \/><em>15 gennaio per l&#8217;uscita di&nbsp;<strong>febbraio-marzo<\/strong><\/em><br \/><em>15 marzo&nbsp;per l&#8217;uscita di&nbsp;<strong>aprile-maggio<\/strong><\/em><br \/><em>15 maggio&nbsp;per l&#8217;uscita di&nbsp;<strong>giugno-luglio<\/strong><\/em><br \/><em>15 luglio&nbsp;per l&#8217;uscita di&nbsp;<strong>agosto-settembre<\/strong><\/em><br \/><em>15 settembre&nbsp;per l&#8217;uscita di<strong>&nbsp;ottobre-novembre<\/strong><\/em><\/p>\n\n\n\n<figure class=\"wp-block-image\"><img loading=\"lazy\" decoding=\"async\" width=\"600\" height=\"431\" src=\"https:\/\/www.biancoscuro.it\/site\/wp-content\/uploads\/2014\/11\/narrativa-strano.jpg\" alt=\"rivista d'arte biancoscuro art magazine\" class=\"wp-image-2016\" srcset=\"https:\/\/www.biancoscuro.it\/site\/wp-content\/uploads\/2014\/11\/narrativa-strano.jpg 600w, https:\/\/www.biancoscuro.it\/site\/wp-content\/uploads\/2014\/11\/narrativa-strano-300x215.jpg 300w\" sizes=\"auto, (max-width: 600px) 100vw, 600px\" \/><\/figure>\n\n\n\n<p>&#8220;<em>Creativit\u00e0 \u00e8 inventare, sperimentare, crescere, assumersi dei rischi, rompere regole, fare errori e divertirsi<\/em>&#8220;.<br \/><em>Mary Lou Cook<\/em><\/p>\n\n\n<p>[slideshow_deploy id=&#8217;159&#8242;]<\/p>\n","protected":false},"excerpt":{"rendered":"<p>invia un tuo racconto&#8230; Biancoscuro,&nbsp;rivista d&#8217;arte bimestrale, ti da la possibilit\u00e0 di pubblicare un racconto&nbsp;nella rubrica della rivista cartacea &#8220;Angolo narrativo, il racconto di&#8230;&#8220;. Inserisci qui sotto \u00a0la tua biografia (max 500 caratteri) ed una sinossi del tuo racconto (max 900 caratteri)\u00a0verr\u00e0 esaminato e successivamente pubblicato sulla prima uscita disponibile! Se vuoi, puoi anche allegare&hellip;&nbsp;<a href=\"https:\/\/www.biancoscuro.it\/site\/rivista-darte\/invia-tuo-racconto-per-pubblicazione-rivista-cartacea\/\" rel=\"bookmark\">Leggi tutto &raquo;<span class=\"screen-reader-text\">invia un tuo racconto (per la pubblicazione sulla rivista cartacea)<\/span><\/a><\/p>\n","protected":false},"author":1,"featured_media":0,"parent":814,"menu_order":3,"comment_status":"closed","ping_status":"closed","template":"","meta":{"neve_meta_sidebar":"","neve_meta_container":"","neve_meta_enable_content_width":"","neve_meta_content_width":0,"neve_meta_title_alignment":"","neve_meta_author_avatar":"","neve_post_elements_order":"","neve_meta_disable_header":"","neve_meta_disable_footer":"","neve_meta_disable_title":"","advanced_seo_description":"","jetpack_seo_html_title":"","jetpack_seo_noindex":false,"footnotes":""},"class_list":["post-2020","page","type-page","status-publish","hentry"],"jetpack_sharing_enabled":true,"jetpack-related-posts":[{"id":1545,"url":"https:\/\/www.biancoscuro.it\/site\/rivista-darte\/inserimento-evento-gratuito-news-online\/","url_meta":{"origin":2020,"position":0},"title":"Inserimento evento (gratuito News OnLine)","author":"Redazione BIANCOSCURO","date":"11 Luglio 2014","format":false,"excerpt":"Biancoscuro,\u00a0rivista d'arte, ti da la possibilit\u00e0 di pubblicare gratuitamente un annuncio nella sezione news del sito GRATUITAMENTE! \u00c8 attivo sul nostro sito un servizio per la pubblicazione autonoma di NEWS clicca qui per registrarti! Una volta registrati sar\u00e0 possibile loggarsi alla pagina (CLICCANDO QUI)\u00a0e inserire la propria notizia da soli,\u2026","rel":"","context":"Articolo simile","block_context":{"text":"Articolo simile","link":""},"img":{"alt_text":"","src":"","width":0,"height":0},"classes":[]},{"id":2409,"url":"https:\/\/www.biancoscuro.it\/site\/rivista-darte\/9772385170005-2385-1708\/","url_meta":{"origin":2020,"position":1},"title":"ISSN 2385-1708","author":"Redazione BIANCOSCURO","date":"1 Aprile 2015","format":false,"excerpt":"BIANCOSCURO\u00a0Rivista d\u2019ARTE \u00e8 una\u00a0Pubblicazione periodica bimestrale\u00a0d\u2019arte, cultura e informazione edito dall\u2019Associazione Culturale BIANCOSCURO. Biancoscuro \u00e8 disponibile nelle migliori fiere d'arte in Italia e all'estero, in abbonamento o copia singola senza spese di spedizione su: http:\/\/artshop.biancoscuro.it\/site\/categoria-prodotto\/libri-riviste\/ Registrazione al Tribunale di Pavia n.4\/2014 Registrazione ISSN\u00a0 2385-1708 Secondo la precisa definizione, basata sulla\u2026","rel":"","context":"Articolo simile","block_context":{"text":"Articolo simile","link":""},"img":{"alt_text":"","src":"https:\/\/i0.wp.com\/www.biancoscuro.it\/site\/wp-content\/uploads\/2015\/05\/logo_biancoscuro_ARTMAGAZINE_500px.jpg?resize=350%2C200&ssl=1","width":350,"height":200,"srcset":"https:\/\/i0.wp.com\/www.biancoscuro.it\/site\/wp-content\/uploads\/2015\/05\/logo_biancoscuro_ARTMAGAZINE_500px.jpg?resize=350%2C200&ssl=1 1x, https:\/\/i0.wp.com\/www.biancoscuro.it\/site\/wp-content\/uploads\/2015\/05\/logo_biancoscuro_ARTMAGAZINE_500px.jpg?resize=525%2C300&ssl=1 1.5x"},"classes":[]},{"id":6800,"url":"https:\/\/www.biancoscuro.it\/site\/pubblicita\/","url_meta":{"origin":2020,"position":2},"title":"Pubblicit\u00e0","author":"Redazione BIANCOSCURO","date":"13 Marzo 2018","format":false,"excerpt":"Vuoi fare pubblicit\u00e0 sulla rivista cartacea o vuoi usufruire dei nostri servizi online?Scopri cosa possiamo fare per te, sfoglia il nostro Media Kit click for english Per la tua pubblicit\u00e0 su BIANCOSCURO, o per avere pi\u00f9 informazioni, richiedere prezzi e preventivi, contatta la redazione: Ufficio pubblicit\u00e0: liberementi - idee per\u2026","rel":"","context":"Articolo simile","block_context":{"text":"Articolo simile","link":""},"img":{"alt_text":"","src":"https:\/\/i0.wp.com\/www.biancoscuro.it\/site\/wp-content\/uploads\/2013\/10\/s2BN107996_8219-960.jpg?resize=350%2C200&ssl=1","width":350,"height":200,"srcset":"https:\/\/i0.wp.com\/www.biancoscuro.it\/site\/wp-content\/uploads\/2013\/10\/s2BN107996_8219-960.jpg?resize=350%2C200&ssl=1 1x, https:\/\/i0.wp.com\/www.biancoscuro.it\/site\/wp-content\/uploads\/2013\/10\/s2BN107996_8219-960.jpg?resize=525%2C300&ssl=1 1.5x, https:\/\/i0.wp.com\/www.biancoscuro.it\/site\/wp-content\/uploads\/2013\/10\/s2BN107996_8219-960.jpg?resize=700%2C400&ssl=1 2x"},"classes":[]},{"id":335,"url":"https:\/\/www.biancoscuro.it\/site\/rivista-darte\/abbonati-a-biancoscuro\/","url_meta":{"origin":2020,"position":3},"title":"Abbonati","author":"Redazione BIANCOSCURO","date":"3 Novembre 2013","format":false,"excerpt":"Perch\u00e9 abbonarsi e come farlo Gli abbonati \u201cBIANCOSCURO\u201d condividono una visione intelligente e costruttiva dell\u2019arte moderna e contemporanea e sono attenti al patrimonio culturale.Puoi abbonarti alla versione digitale cliccando su uno dei link che trovi qui sotto.artshop.biancoscuro.it\/site\/abbonamento-biancoscuro-rivista-darte-formato-digitale-italia-per-1-anno Se ti abboni alla versione cartacea avrai in omaggio anche la versione digitale!artshop.biancoscuro.it\/abbonamento-biancoscuro-italia-per-1-anno","rel":"","context":"Articolo simile","block_context":{"text":"Articolo simile","link":""},"img":{"alt_text":"","src":"https:\/\/i0.wp.com\/www.biancoscuro.it\/site\/wp-content\/uploads\/2020\/06\/Art_Basel_Basel_2020_The_Show_Magazines.png?resize=350%2C200&ssl=1","width":350,"height":200,"srcset":"https:\/\/i0.wp.com\/www.biancoscuro.it\/site\/wp-content\/uploads\/2020\/06\/Art_Basel_Basel_2020_The_Show_Magazines.png?resize=350%2C200&ssl=1 1x, https:\/\/i0.wp.com\/www.biancoscuro.it\/site\/wp-content\/uploads\/2020\/06\/Art_Basel_Basel_2020_The_Show_Magazines.png?resize=525%2C300&ssl=1 1.5x"},"classes":[]},{"id":814,"url":"https:\/\/www.biancoscuro.it\/site\/","url_meta":{"origin":2020,"position":4},"title":"Rivista d&#8217;Arte","author":"Redazione BIANCOSCURO","date":"4 Marzo 2014","format":false,"excerpt":"Sfoglia qui sotto la preview di BIANCOSCURO Art Magazine #75 (aprile\/maggio 2026) oppure richiedi la tua copia cartacea o se vuoi, scarica la versione integrale\u00a0su\u00a0artshop.biancoscuro.it Iscriviti\u00a0alla nostra\u00a0mailing list\u00a0per essere costantemente aggiornato sui nostri eventi e sulle nostre attivit\u00e0:\u00a0inserisci\u00a0nome,\u00a0cognome\u00a0ed\u00a0e-mail\u00a0nei campi qui a destra per ricevere gratuitamente nella tua casella email. Come\u2026","rel":"","context":"Articolo simile","block_context":{"text":"Articolo simile","link":""},"img":{"alt_text":"BIANCOSCURO #75 aprile\/maggio 2026 disponibile in formato CARTACEO e DIGITALE","src":"https:\/\/i0.wp.com\/www.biancoscuro.it\/site\/wp-content\/uploads\/2026\/04\/03b-BAM_issue-rettXsitoDOPPIA-L.jpg?resize=350%2C200&ssl=1","width":350,"height":200,"srcset":"https:\/\/i0.wp.com\/www.biancoscuro.it\/site\/wp-content\/uploads\/2026\/04\/03b-BAM_issue-rettXsitoDOPPIA-L.jpg?resize=350%2C200&ssl=1 1x, https:\/\/i0.wp.com\/www.biancoscuro.it\/site\/wp-content\/uploads\/2026\/04\/03b-BAM_issue-rettXsitoDOPPIA-L.jpg?resize=525%2C300&ssl=1 1.5x, https:\/\/i0.wp.com\/www.biancoscuro.it\/site\/wp-content\/uploads\/2026\/04\/03b-BAM_issue-rettXsitoDOPPIA-L.jpg?resize=700%2C400&ssl=1 2x"},"classes":[]},{"id":15,"url":"https:\/\/www.biancoscuro.it\/site\/contatta-biancoscuro\/","url_meta":{"origin":2020,"position":5},"title":"Chi siamo","author":"Redazione BIANCOSCURO","date":"26 Settembre 2013","format":false,"excerpt":"Nel panorama editoriale artistico italiano, BIANCOSCURO si distingue come una rivista bimestrale che offre un'ampia e diversificata prospettiva sul mondo dell'arte, spaziando dai grandi maestri del passato agli artisti emergenti della scena contemporanea. Fondata nel 2014 e registrata presso il Tribunale di Pavia, la rivista \u00e8 edita dall'Associazione Culturale BIANCOSCURO,\u2026","rel":"","context":"Articolo simile","block_context":{"text":"Articolo simile","link":""},"img":{"alt_text":"","src":"https:\/\/i0.wp.com\/www.biancoscuro.it\/site\/wp-content\/uploads\/2013\/10\/sbn168943_9487.jpg?resize=350%2C200&ssl=1","width":350,"height":200,"srcset":"https:\/\/i0.wp.com\/www.biancoscuro.it\/site\/wp-content\/uploads\/2013\/10\/sbn168943_9487.jpg?resize=350%2C200&ssl=1 1x, https:\/\/i0.wp.com\/www.biancoscuro.it\/site\/wp-content\/uploads\/2013\/10\/sbn168943_9487.jpg?resize=525%2C300&ssl=1 1.5x, https:\/\/i0.wp.com\/www.biancoscuro.it\/site\/wp-content\/uploads\/2013\/10\/sbn168943_9487.jpg?resize=700%2C400&ssl=1 2x"},"classes":[]}],"_links":{"self":[{"href":"https:\/\/www.biancoscuro.it\/site\/wp-json\/wp\/v2\/pages\/2020","targetHints":{"allow":["GET"]}}],"collection":[{"href":"https:\/\/www.biancoscuro.it\/site\/wp-json\/wp\/v2\/pages"}],"about":[{"href":"https:\/\/www.biancoscuro.it\/site\/wp-json\/wp\/v2\/types\/page"}],"author":[{"embeddable":true,"href":"https:\/\/www.biancoscuro.it\/site\/wp-json\/wp\/v2\/users\/1"}],"replies":[{"embeddable":true,"href":"https:\/\/www.biancoscuro.it\/site\/wp-json\/wp\/v2\/comments?post=2020"}],"version-history":[{"count":0,"href":"https:\/\/www.biancoscuro.it\/site\/wp-json\/wp\/v2\/pages\/2020\/revisions"}],"up":[{"embeddable":true,"href":"https:\/\/www.biancoscuro.it\/site\/wp-json\/wp\/v2\/pages\/814"}],"wp:attachment":[{"href":"https:\/\/www.biancoscuro.it\/site\/wp-json\/wp\/v2\/media?parent=2020"}],"curies":[{"name":"wp","href":"https:\/\/api.w.org\/{rel}","templated":true}]}}