{"id":2163,"date":"2015-01-15T09:13:56","date_gmt":"2015-01-15T09:13:56","guid":{"rendered":"http:\/\/www.biancoscuro.it\/site\/?page_id=2163"},"modified":"2017-02-03T18:43:16","modified_gmt":"2017-02-03T17:43:16","slug":"collabora-con-noi","status":"publish","type":"page","link":"https:\/\/www.biancoscuro.it\/site\/contatta-biancoscuro\/collabora-con-noi\/","title":{"rendered":"Collabora con noi"},"content":{"rendered":"<p>BIANCOSCURO \u00e8 in costante ricerca di nuove collaborazioni.<br \/>\nVuoi\u00a0dire la tua sul mondo dell&#8217;arte e della cultura?\u00a0Contattaci\u2026<\/p>\n<p>Se scrivere ti appassiona, se l&#8217;arte ti appassiona\u00a0e vuoi collaborare volontariamente al progetto, mandaci una mail con il tuo articolo al seguente indirizzo: articoli@biancoscuro.com<br \/>\nLa Redazione valuter\u00e0 i contributi ricevuti e sceglier\u00e0 di pubblicarli a propria discrezione.<\/p>\n<p><i>Si prega di non inviare pi\u00f9 di un messaggio e di attendere almeno 7 giorni prima di inviare un nuovo messaggio. Grazie.<\/i><\/p>\n<p>Se preferisci\u00a0puoi compilare il form qui sotto, sicuramente troveremo un modo per collaborare insieme\u2026<\/p>\n<p><em>(Nome, cognome, e-mail, oggetto e CAPTCHA sono obbligatori)<\/em><br \/>\n\n<div class=\"wpcf7 no-js\" id=\"wpcf7-f150-o1\" lang=\"it-IT\" dir=\"ltr\" data-wpcf7-id=\"150\">\n<div class=\"screen-reader-response\"><p role=\"status\" aria-live=\"polite\" aria-atomic=\"true\"><\/p> <ul><\/ul><\/div>\n<form action=\"\/site\/wp-json\/wp\/v2\/pages\/2163#wpcf7-f150-o1\" method=\"post\" class=\"wpcf7-form init\" aria-label=\"Modulo di contatto\" novalidate=\"novalidate\" data-status=\"init\">\n<fieldset class=\"hidden-fields-container\"><input type=\"hidden\" name=\"_wpcf7\" value=\"150\" \/><input type=\"hidden\" name=\"_wpcf7_version\" value=\"6.1.5\" \/><input type=\"hidden\" name=\"_wpcf7_locale\" value=\"it_IT\" \/><input type=\"hidden\" name=\"_wpcf7_unit_tag\" value=\"wpcf7-f150-o1\" \/><input type=\"hidden\" name=\"_wpcf7_container_post\" value=\"0\" \/><input type=\"hidden\" name=\"_wpcf7_posted_data_hash\" value=\"\" \/>\n<\/fieldset>\n<p>Nome e Cognome (*)<br \/>\n<span class=\"wpcf7-form-control-wrap\" data-name=\"nome\"><input size=\"40\" maxlength=\"400\" class=\"wpcf7-form-control wpcf7-text wpcf7-validates-as-required\" aria-required=\"true\" aria-invalid=\"false\" value=\"\" type=\"text\" name=\"nome\" \/><\/span>\n<\/p>\n<p>Oggetto della richiesta (*)<br \/>\n<span class=\"wpcf7-form-control-wrap\" data-name=\"oggetto\"><input size=\"40\" maxlength=\"400\" class=\"wpcf7-form-control wpcf7-text wpcf7-validates-as-required\" aria-required=\"true\" aria-invalid=\"false\" value=\"\" type=\"text\" name=\"oggetto\" \/><\/span>\n<\/p>\n<p>Email (*)<br \/>\n<span class=\"wpcf7-form-control-wrap\" data-name=\"email\"><input size=\"40\" maxlength=\"400\" class=\"wpcf7-form-control wpcf7-email wpcf7-validates-as-required wpcf7-text wpcf7-validates-as-email\" aria-required=\"true\" aria-invalid=\"false\" value=\"\" type=\"email\" name=\"email\" \/><\/span>\n<\/p>\n<p>Indirizzo (*)<br \/>\n<span class=\"wpcf7-form-control-wrap\" data-name=\"indirizzo\"><input size=\"40\" maxlength=\"400\" class=\"wpcf7-form-control wpcf7-text wpcf7-validates-as-required\" aria-required=\"true\" aria-invalid=\"false\" value=\"\" type=\"text\" name=\"indirizzo\" \/><\/span>\n<\/p>\n<p>Telefono (*)<br \/>\n<span class=\"wpcf7-form-control-wrap\" data-name=\"telefono\"><input size=\"40\" maxlength=\"400\" class=\"wpcf7-form-control wpcf7-text wpcf7-validates-as-required\" aria-required=\"true\" aria-invalid=\"false\" value=\"\" type=\"text\" name=\"telefono\" \/><\/span>\n<\/p>\n<p>Messaggio\n<\/p>\n<p><span class=\"wpcf7-form-control-wrap\" data-name=\"messaggio\"><textarea cols=\"40\" rows=\"10\" maxlength=\"2000\" class=\"wpcf7-form-control wpcf7-textarea\" aria-invalid=\"false\" name=\"messaggio\"><\/textarea><\/span>\n<\/p>\n<p><span class=\"wpcf7-form-control-wrap\" data-name=\"privacy\"><span class=\"wpcf7-form-control wpcf7-acceptance\"><span class=\"wpcf7-list-item\"><input type=\"checkbox\" name=\"privacy\" value=\"1\" checked=\"checked\" aria-invalid=\"false\" \/><\/span><\/span><\/span> Acconsento al trattamento dei dati personali comunicati\n<\/p>\n<p><input class=\"wpcf7-form-control wpcf7-submit has-spinner\" type=\"submit\" value=\"Invia\" \/>\n<\/p>\n<p>(*) Campi obbligatori\n<\/p><p style=\"display: none !important;\" class=\"akismet-fields-container\" data-prefix=\"_wpcf7_ak_\"><label>&#916;<textarea name=\"_wpcf7_ak_hp_textarea\" cols=\"45\" rows=\"8\" maxlength=\"100\"><\/textarea><\/label><input type=\"hidden\" id=\"ak_js_1\" name=\"_wpcf7_ak_js\" value=\"123\"\/><script>\ndocument.getElementById( \"ak_js_1\" ).setAttribute( \"value\", ( new Date() ).getTime() );\n<\/script>\n<\/p><div class=\"wpcf7-response-output\" aria-hidden=\"true\"><\/div>\n<\/form>\n<\/div>\n<\/p>\n","protected":false},"excerpt":{"rendered":"<p>BIANCOSCURO \u00e8 in costante ricerca di nuove collaborazioni. Vuoi\u00a0dire la tua sul mondo dell&#8217;arte e della cultura?\u00a0Contattaci\u2026 Se scrivere ti appassiona, se l&#8217;arte ti appassiona\u00a0e vuoi collaborare volontariamente al progetto, mandaci una mail con il tuo articolo al seguente indirizzo: articoli@biancoscuro.com La Redazione valuter\u00e0 i contributi ricevuti e sceglier\u00e0 di pubblicarli a propria discrezione. Si&hellip;&nbsp;<a href=\"https:\/\/www.biancoscuro.it\/site\/contatta-biancoscuro\/collabora-con-noi\/\" rel=\"bookmark\">Leggi tutto &raquo;<span class=\"screen-reader-text\">Collabora con noi<\/span><\/a><\/p>\n","protected":false},"author":1,"featured_media":94,"parent":15,"menu_order":3,"comment_status":"closed","ping_status":"closed","template":"","meta":{"neve_meta_sidebar":"","neve_meta_container":"","neve_meta_enable_content_width":"","neve_meta_content_width":0,"neve_meta_title_alignment":"","neve_meta_author_avatar":"","neve_post_elements_order":"","neve_meta_disable_header":"","neve_meta_disable_footer":"","neve_meta_disable_title":"","advanced_seo_description":"","jetpack_seo_html_title":"","jetpack_seo_noindex":false,"footnotes":""},"class_list":["post-2163","page","type-page","status-publish","has-post-thumbnail","hentry"],"jetpack_sharing_enabled":true,"jetpack-related-posts":[{"id":2020,"url":"https:\/\/www.biancoscuro.it\/site\/rivista-darte\/invia-tuo-racconto-per-pubblicazione-rivista-cartacea\/","url_meta":{"origin":2163,"position":0},"title":"invia un tuo racconto (per la pubblicazione sulla rivista cartacea)","author":"Redazione BIANCOSCURO","date":"27 Novembre 2014","format":false,"excerpt":"invia un tuo racconto... Biancoscuro,\u00a0rivista d'arte bimestrale, ti da la possibilit\u00e0 di pubblicare un racconto\u00a0nella rubrica della rivista cartacea \"Angolo narrativo, il racconto di...\". Inserisci qui sotto \u00a0la tua biografia (max 500 caratteri) ed una sinossi del tuo racconto (max 900 caratteri)\u00a0verr\u00e0 esaminato e successivamente pubblicato sulla prima uscita disponibile!\u2026","rel":"","context":"Articolo simile","block_context":{"text":"Articolo simile","link":""},"img":{"alt_text":"","src":"https:\/\/i0.wp.com\/www.biancoscuro.it\/site\/wp-content\/uploads\/2014\/11\/narrativa-paric.jpg?resize=350%2C200&ssl=1","width":350,"height":200,"srcset":"https:\/\/i0.wp.com\/www.biancoscuro.it\/site\/wp-content\/uploads\/2014\/11\/narrativa-paric.jpg?resize=350%2C200&ssl=1 1x, https:\/\/i0.wp.com\/www.biancoscuro.it\/site\/wp-content\/uploads\/2014\/11\/narrativa-paric.jpg?resize=525%2C300&ssl=1 1.5x"},"classes":[]},{"id":1545,"url":"https:\/\/www.biancoscuro.it\/site\/rivista-darte\/inserimento-evento-gratuito-news-online\/","url_meta":{"origin":2163,"position":1},"title":"Inserimento evento (gratuito News OnLine)","author":"Redazione BIANCOSCURO","date":"11 Luglio 2014","format":false,"excerpt":"Biancoscuro,\u00a0rivista d'arte, ti da la possibilit\u00e0 di pubblicare gratuitamente un annuncio nella sezione news del sito GRATUITAMENTE! \u00c8 attivo sul nostro sito un servizio per la pubblicazione autonoma di NEWS clicca qui per registrarti! Una volta registrati sar\u00e0 possibile loggarsi alla pagina (CLICCANDO QUI)\u00a0e inserire la propria notizia da soli,\u2026","rel":"","context":"Articolo simile","block_context":{"text":"Articolo simile","link":""},"img":{"alt_text":"","src":"","width":0,"height":0},"classes":[]},{"id":814,"url":"https:\/\/www.biancoscuro.it\/site\/","url_meta":{"origin":2163,"position":2},"title":"Rivista d&#8217;Arte","author":"Redazione BIANCOSCURO","date":"4 Marzo 2014","format":false,"excerpt":"Sfoglia qui sotto la preview di BIANCOSCURO Art Magazine #75 (aprile\/maggio 2026) oppure richiedi la tua copia cartacea o se vuoi, scarica la versione integrale\u00a0su\u00a0artshop.biancoscuro.it Iscriviti\u00a0alla nostra\u00a0mailing list\u00a0per essere costantemente aggiornato sui nostri eventi e sulle nostre attivit\u00e0:\u00a0inserisci\u00a0nome,\u00a0cognome\u00a0ed\u00a0e-mail\u00a0nei campi qui a destra per ricevere gratuitamente nella tua casella email. Come\u2026","rel":"","context":"Articolo simile","block_context":{"text":"Articolo simile","link":""},"img":{"alt_text":"BIANCOSCURO #75 aprile\/maggio 2026 disponibile in formato CARTACEO e DIGITALE","src":"https:\/\/i0.wp.com\/www.biancoscuro.it\/site\/wp-content\/uploads\/2026\/04\/03b-BAM_issue-rettXsitoDOPPIA-L.jpg?resize=350%2C200&ssl=1","width":350,"height":200,"srcset":"https:\/\/i0.wp.com\/www.biancoscuro.it\/site\/wp-content\/uploads\/2026\/04\/03b-BAM_issue-rettXsitoDOPPIA-L.jpg?resize=350%2C200&ssl=1 1x, https:\/\/i0.wp.com\/www.biancoscuro.it\/site\/wp-content\/uploads\/2026\/04\/03b-BAM_issue-rettXsitoDOPPIA-L.jpg?resize=525%2C300&ssl=1 1.5x, https:\/\/i0.wp.com\/www.biancoscuro.it\/site\/wp-content\/uploads\/2026\/04\/03b-BAM_issue-rettXsitoDOPPIA-L.jpg?resize=700%2C400&ssl=1 2x"},"classes":[]},{"id":18685,"url":"https:\/\/www.biancoscuro.it\/site\/contatta-biancoscuro-2\/","url_meta":{"origin":2163,"position":3},"title":"Contatta Biancoscuro!","author":"Redazione BIANCOSCURO","date":"22 Luglio 2025","format":false,"excerpt":"Compila questo form per avere maggiori informazioni (Dettaglia la richiesta, tutti i campi sono obbligatori) Biancoscuro\u00a0Associazione CulturaleViale Indipendenza, 26 -\u00a027100 Paviatel 0382.1902778 \u00a0 - \u00a0\u00a0info@biancoscuro.itCodice Fiscale 96069990180 BIANCOSCURO\u00a0Rivista d'ARTE \u00e8 una\u00a0Pubblicazione periodica bimestrale\u00a0d'arte, cultura e informazione edito dall\u2019Associazione Culturale BIANCOSCURO.\u00a0Registrazione al Tribunale di Pavia n.4 del 21\/1\/2014 - Registrazione ISSN\u00a0\u2026","rel":"","context":"Articolo simile","block_context":{"text":"Articolo simile","link":""},"img":{"alt_text":"","src":"https:\/\/i0.wp.com\/www.biancoscuro.it\/site\/wp-content\/uploads\/2013\/10\/sbn168943_9487.jpg?resize=350%2C200&ssl=1","width":350,"height":200,"srcset":"https:\/\/i0.wp.com\/www.biancoscuro.it\/site\/wp-content\/uploads\/2013\/10\/sbn168943_9487.jpg?resize=350%2C200&ssl=1 1x, https:\/\/i0.wp.com\/www.biancoscuro.it\/site\/wp-content\/uploads\/2013\/10\/sbn168943_9487.jpg?resize=525%2C300&ssl=1 1.5x, https:\/\/i0.wp.com\/www.biancoscuro.it\/site\/wp-content\/uploads\/2013\/10\/sbn168943_9487.jpg?resize=700%2C400&ssl=1 2x"},"classes":[]},{"id":6800,"url":"https:\/\/www.biancoscuro.it\/site\/pubblicita\/","url_meta":{"origin":2163,"position":4},"title":"Pubblicit\u00e0","author":"Redazione BIANCOSCURO","date":"13 Marzo 2018","format":false,"excerpt":"Vuoi fare pubblicit\u00e0 sulla rivista cartacea o vuoi usufruire dei nostri servizi online?Scopri cosa possiamo fare per te, sfoglia il nostro Media Kit click for english Per la tua pubblicit\u00e0 su BIANCOSCURO, o per avere pi\u00f9 informazioni, richiedere prezzi e preventivi, contatta la redazione: Ufficio pubblicit\u00e0: liberementi - idee per\u2026","rel":"","context":"Articolo simile","block_context":{"text":"Articolo simile","link":""},"img":{"alt_text":"","src":"https:\/\/i0.wp.com\/www.biancoscuro.it\/site\/wp-content\/uploads\/2013\/10\/s2BN107996_8219-960.jpg?resize=350%2C200&ssl=1","width":350,"height":200,"srcset":"https:\/\/i0.wp.com\/www.biancoscuro.it\/site\/wp-content\/uploads\/2013\/10\/s2BN107996_8219-960.jpg?resize=350%2C200&ssl=1 1x, https:\/\/i0.wp.com\/www.biancoscuro.it\/site\/wp-content\/uploads\/2013\/10\/s2BN107996_8219-960.jpg?resize=525%2C300&ssl=1 1.5x, https:\/\/i0.wp.com\/www.biancoscuro.it\/site\/wp-content\/uploads\/2013\/10\/s2BN107996_8219-960.jpg?resize=700%2C400&ssl=1 2x"},"classes":[]},{"id":14371,"url":"https:\/\/www.biancoscuro.it\/site\/download-your-free-copy\/","url_meta":{"origin":2163,"position":5},"title":"Download your copy","author":"Redazione BIANCOSCURO","date":"15 Ottobre 2022","format":false,"excerpt":"","rel":"","context":"Articolo simile","block_context":{"text":"Articolo simile","link":""},"img":{"alt_text":"","src":"https:\/\/i0.wp.com\/www.biancoscuro.it\/site\/wp-content\/uploads\/2025\/12\/01c_BAM_73_quad999-REGALO-ATTIVAZIONE-BIANCOSCURO.jpg?resize=350%2C200&ssl=1","width":350,"height":200,"srcset":"https:\/\/i0.wp.com\/www.biancoscuro.it\/site\/wp-content\/uploads\/2025\/12\/01c_BAM_73_quad999-REGALO-ATTIVAZIONE-BIANCOSCURO.jpg?resize=350%2C200&ssl=1 1x, https:\/\/i0.wp.com\/www.biancoscuro.it\/site\/wp-content\/uploads\/2025\/12\/01c_BAM_73_quad999-REGALO-ATTIVAZIONE-BIANCOSCURO.jpg?resize=525%2C300&ssl=1 1.5x, https:\/\/i0.wp.com\/www.biancoscuro.it\/site\/wp-content\/uploads\/2025\/12\/01c_BAM_73_quad999-REGALO-ATTIVAZIONE-BIANCOSCURO.jpg?resize=700%2C400&ssl=1 2x"},"classes":[]}],"_links":{"self":[{"href":"https:\/\/www.biancoscuro.it\/site\/wp-json\/wp\/v2\/pages\/2163","targetHints":{"allow":["GET"]}}],"collection":[{"href":"https:\/\/www.biancoscuro.it\/site\/wp-json\/wp\/v2\/pages"}],"about":[{"href":"https:\/\/www.biancoscuro.it\/site\/wp-json\/wp\/v2\/types\/page"}],"author":[{"embeddable":true,"href":"https:\/\/www.biancoscuro.it\/site\/wp-json\/wp\/v2\/users\/1"}],"replies":[{"embeddable":true,"href":"https:\/\/www.biancoscuro.it\/site\/wp-json\/wp\/v2\/comments?post=2163"}],"version-history":[{"count":0,"href":"https:\/\/www.biancoscuro.it\/site\/wp-json\/wp\/v2\/pages\/2163\/revisions"}],"up":[{"embeddable":true,"href":"https:\/\/www.biancoscuro.it\/site\/wp-json\/wp\/v2\/pages\/15"}],"wp:featuredmedia":[{"embeddable":true,"href":"https:\/\/www.biancoscuro.it\/site\/wp-json\/wp\/v2\/media\/94"}],"wp:attachment":[{"href":"https:\/\/www.biancoscuro.it\/site\/wp-json\/wp\/v2\/media?parent=2163"}],"curies":[{"name":"wp","href":"https:\/\/api.w.org\/{rel}","templated":true}]}}